{"id":75837,"date":"2026-03-24T10:47:43","date_gmt":"2026-03-24T15:47:43","guid":{"rendered":"https:\/\/chicagodesavanja.us\/galerija\/zeljko-vasic-biljana-i-milos-13-februar-pella-signature\/"},"modified":"2026-03-24T10:47:43","modified_gmt":"2026-03-24T15:47:43","slug":"zeljko-vasic-biljana-i-milos-13-februar-pella-signature","status":"publish","type":"ivp_gallery","link":"https:\/\/chicagodesavanja.us\/en\/galerija\/zeljko-vasic-biljana-i-milos-13-februar-pella-signature\/","title":{"rendered":"\u017deljko Vasi\u0107 &amp; Biljana i Milo\u0161 | 13. Februar | Pella Signature"},"content":{"rendered":"","protected":false},"excerpt":{"rendered":"","protected":false},"featured_media":0,"template":"","gallery-categories":[],"class_list":["post-75837","ivp_gallery","type-ivp_gallery","status-publish","hentry"],"_links":{"self":[{"href":"https:\/\/chicagodesavanja.us\/en\/wp-json\/wp\/v2\/galleries\/75837","targetHints":{"allow":["GET"]}}],"collection":[{"href":"https:\/\/chicagodesavanja.us\/en\/wp-json\/wp\/v2\/galleries"}],"about":[{"href":"https:\/\/chicagodesavanja.us\/en\/wp-json\/wp\/v2\/types\/ivp_gallery"}],"wp:attachment":[{"href":"https:\/\/chicagodesavanja.us\/en\/wp-json\/wp\/v2\/media?parent=75837"}],"wp:term":[{"taxonomy":"ivp_gallery_category","embeddable":true,"href":"https:\/\/chicagodesavanja.us\/en\/wp-json\/wp\/v2\/gallery-categories?post=75837"}],"curies":[{"name":"WP","href":"https:\/\/api.w.org\/{rel}","templated":true}]}}

Željko Vasić &amp; Biljana i Miloš | 13. Februar | Pella Signature
