{"id":79134,"date":"2026-07-22T13:00:22","date_gmt":"2026-07-22T18:00:22","guid":{"rendered":"https:\/\/chicagodesavanja.us\/desavanja\/details\/akademija-secanja-crkva-sv-jovana-krstitelja-chicago-avgust-02-2026\/"},"modified":"2026-07-22T13:00:22","modified_gmt":"2026-07-22T18:00:22","slug":"akademija-secanja-crkva-sv-jovana-krstitelja-chicago-avgust-02-2026","status":"publish","type":"ivp_event","link":"https:\/\/chicagodesavanja.us\/en\/desavanja\/details\/akademija-secanja-crkva-sv-jovana-krstitelja-chicago-avgust-02-2026\/","title":{"rendered":"ACADEMY OF MEMORY \/\/ CHURCH OF ST. JOHN THE BAPTIST \/\/ CHICAGO \/\/ AUGUST 02, 2026."},"content":{"rendered":"<p data-start=\"78\" data-end=\"306\">Dan se\u0107anja na hrvatske zlo\u010dine, proterivanja i egzodus Srba iz Hrvatske i Srpskih Krajina<\/p>\n<p class=\"PDq2pG_selectionAnchorContainer\" data-start=\"78\" data-end=\"306\">Ove godine je komemorativna akademija, koja se odr\u017eava u nedelju <strong>2. avgusta 2026.<\/strong> u srpskom hramu <strong>Sv. Jovana Krstitelja u Belvudu<\/strong>, posve\u0107ena 35. godi\u0161njici od izgona Srba iz hrvatskih gradova i velikog dijela Zapadne Slavonije.<\/p>\n<p data-start=\"308\" data-end=\"563\">Tako je sve i po\u010delo \u2013 Srbima u Hrvatskoj su 1990. godine najprije podijeljeni otkazi, a 1991. su po\u010deli sve otvoreniji pritisci i pretnje, naj\u010de\u0161\u0107e uz upereno oru\u017eje, da napuste svoje domove i stanove. Porodice koje su se usprotivile bile su likvidirane.<\/p>\n<p data-start=\"565\" data-end=\"1149\">Prema izvje\u0161taju Generalnog sekretara Ujedinjenih nacija Butrosa Galija, podnesenom 1993. godine, sa podru\u010dja pod kontrolom Hrvatske protjerano je 251.000 Srba. Van ratnog podru\u010dja i van borbenih dejstava ubijeno je 690 Srba, me\u0111u kojima 87 djece. Ubijene su porodice sa maloljetnom djecom Zec u Zagrebu, Rokni\u0107 i Stojakovi\u0107 u Karlovcu, Radosavljevi\u0107 u Daruvaru, Kalanj u Gospi\u0107u, Ostoji\u0107 u Vinkovcima i brojne druge likvidacije uglavnom vi\u0111enijih Srba (ljekara, sudija, in\u017eenjera i drugih) u gradovima Osijek, Sisak, Gospi\u0107, Zagreb, \u0160ibenik, Zadar, Split, Bjelovar, \u017dupanja i drugim.<\/p>\n<p data-start=\"1151\" data-end=\"1193\">Srbima je trajno oteto 50 hiljada stanova.<\/p>\n<p data-start=\"1195\" data-end=\"1654\">Te 1991. godine, prije 35 godina, srpske porodice u Hrvatskoj su terorisane, ozna\u010davani su im stanovi, optu\u017eivani da su snajperisti, otvoreno im je pre\u0107eno, kidnapovani su i odvo\u0111eni no\u0107u i ubijani. Ve\u0107ina ovih zlo\u010dina do danas nije procesuirana niti su po\u010dinioci u uniformama hrvatskih policijskih, vojnih i paravojnih jedinica sudski gonjeni i ka\u017enjeni. Naprotiv, slave se kao heroji tzv. domovinskog rata, a za &#8222;nagradu&#8220; su uselili u srpske stanove i ku\u0107e.<\/p>\n<p data-start=\"1656\" data-end=\"1798\">O svemu ovome na komemorativnoj akademiji svjedo\u010di\u0107emo dokumentarnim filmovima, izlo\u017ebom fotografija i dokumenata i svjedo\u010denjima pre\u017eivjelih.<\/p>","protected":false},"excerpt":{"rendered":"<p>Dan se\u0107anja na hrvatske zlo\u010dine, proterivanja i egzodus Srba iz Hrvatske i Srpskih Krajina Ove godine je komemorativna akademija, koja se odr\u017eava u nedelju 2. avgusta 2026. u srpskom hramu Sv. Jovana Krstitelja u Belvudu, posve\u0107ena 35. godi\u0161njici od izgona Srba iz hrvatskih gradova i velikog dijela Zapadne Slavonije. Tako je sve i po\u010delo \u2013 [&hellip;]<\/p>\n","protected":false},"author":1,"featured_media":79135,"template":"","locations":[72060],"event-categories":[72178],"class_list":["post-79134","ivp_event","type-ivp_event","status-publish","has-post-thumbnail","hentry","ivp_location-chicago","ivp_event_category-festivali"],"_links":{"self":[{"href":"https:\/\/chicagodesavanja.us\/en\/wp-json\/wp\/v2\/events\/79134","targetHints":{"allow":["GET"]}}],"collection":[{"href":"https:\/\/chicagodesavanja.us\/en\/wp-json\/wp\/v2\/events"}],"about":[{"href":"https:\/\/chicagodesavanja.us\/en\/wp-json\/wp\/v2\/types\/ivp_event"}],"author":[{"embeddable":true,"href":"https:\/\/chicagodesavanja.us\/en\/wp-json\/wp\/v2\/users\/1"}],"wp:featuredmedia":[{"embeddable":true,"href":"https:\/\/chicagodesavanja.us\/en\/wp-json\/wp\/v2\/media\/79135"}],"wp:attachment":[{"href":"https:\/\/chicagodesavanja.us\/en\/wp-json\/wp\/v2\/media?parent=79134"}],"wp:term":[{"taxonomy":"ivp_location","embeddable":true,"href":"https:\/\/chicagodesavanja.us\/en\/wp-json\/wp\/v2\/locations?post=79134"},{"taxonomy":"ivp_event_category","embeddable":true,"href":"https:\/\/chicagodesavanja.us\/en\/wp-json\/wp\/v2\/event-categories?post=79134"}],"curies":[{"name":"WP","href":"https:\/\/api.w.org\/{rel}","templated":true}]}}

<p data-start="78" data-end="306">Dan sećanja na hrvatske zločine, proterivanja i egzodus Srba iz Hrvatske i Srpskih Krajina</p>
<p class="PDq2pG_selectionAnchorContainer" data-start="78" data-end="306">Ove godine je komemorativna akademija, koja se održava u nedelju <strong>2. avgusta 2026.</strong> u srpskom hramu <strong>Sv. Jovana Krstitelja u Belvudu</strong>, posvećena 35. godišnjici od izgona Srba iz hrvatskih gradova i velikog dijela Zapadne Slavonije.</p>
<p data-start="308" data-end="563">Tako je sve i počelo – Srbima u Hrvatskoj su 1990. godine najprije podijeljeni otkazi, a 1991. su počeli sve otvoreniji pritisci i pretnje, najčešće uz upereno oružje, da napuste svoje domove i stanove. Porodice koje su se usprotivile bile su likvidirane.</p>
<p data-start="565" data-end="1149">Prema izvještaju Generalnog sekretara Ujedinjenih nacija Butrosa Galija, podnesenom 1993. godine, sa područja pod kontrolom Hrvatske protjerano je 251.000 Srba. Van ratnog područja i van borbenih dejstava ubijeno je 690 Srba, među kojima 87 djece. Ubijene su porodice sa maloljetnom djecom Zec u Zagrebu, Roknić i Stojaković u Karlovcu, Radosavljević u Daruvaru, Kalanj u Gospiću, Ostojić u Vinkovcima i brojne druge likvidacije uglavnom viđenijih Srba (ljekara, sudija, inženjera i drugih) u gradovima Osijek, Sisak, Gospić, Zagreb, Šibenik, Zadar, Split, Bjelovar, Županja i drugim.</p>
<p data-start="1151" data-end="1193">Srbima je trajno oteto 50 hiljada stanova.</p>
<p data-start="1195" data-end="1654">Te 1991. godine, prije 35 godina, srpske porodice u Hrvatskoj su terorisane, označavani su im stanovi, optuživani da su snajperisti, otvoreno im je prećeno, kidnapovani su i odvođeni noću i ubijani. Većina ovih zločina do danas nije procesuirana niti su počinioci u uniformama hrvatskih policijskih, vojnih i paravojnih jedinica sudski gonjeni i kažnjeni. Naprotiv, slave se kao heroji tzv. domovinskog rata, a za &#8222;nagradu&#8220; su uselili u srpske stanove i kuće.</p>
<p data-start="1656" data-end="1798">O svemu ovome na komemorativnoj akademiji svjedočićemo dokumentarnim filmovima, izložbom fotografija i dokumenata i svjedočenjima preživjelih.</p>

<p>Dan sećanja na hrvatske zločine, proterivanja i egzodus Srba iz Hrvatske i Srpskih Krajina Ove godine je komemorativna akademija, koja se održava u nedelju 2. avgusta 2026. u srpskom hramu Sv. Jovana Krstitelja u Belvudu, posvećena 35. godišnjici od izgona Srba iz hrvatskih gradova i velikog dijela Zapadne Slavonije. Tako je sve i počelo – [&hellip;]</p>
